rs of 5124?
2, 3, 7, 61
What are the prime factors of 91?
7, 13
List the prime factors of 18420.
2, 3, 5, 307
What are the prime factors of 386?
2, 193
List the prime factors of 3026.
2, 17, 89
List the prime factors of 20821.
47, 443
What are the prime factors of 144351?
3, 43, 373
What are the prime factors of 36308?
2, 29, 313
List the prime factors of 9692.
2, 2423
What are the prime factors of 1053?
3, 13
What are the prime factors of 21988?
2, 23, 239
What are the prime factors of 40023?
3, 4447
List the prime factors of 1584.
2, 3, 11
List the prime factors of 2370.
2, 3, 5, 79
What are the prime factors of 16757?
13, 1289
List the prime factors of 2513.
7, 359
List the prime factors of 14154.
2, 3, 7, 337
List the prime factors of 1641.
3, 547
List the prime factors of 21944.
2, 13, 211
What are the prime factors of 1105?
5, 13, 17
What are the prime factors of 25811?
53, 487
What are the prime factors of 5425?
5, 7, 31
List the prime factors of 1872.
2, 3, 13
List the prime factors of 10791.
3, 11, 109
What are the prime factors of 8798?
2, 53, 83
What are the prime factors of 8595?
3, 5, 191
What are the prime factors of 1554?
2, 3, 7, 37
What are the prime factors of 13705?
5, 2741
What are the prime factors of 3228?
2, 3, 269
List the prime factors of 72323.
31, 2333
List the prime factors of 2012.
2, 503
What are the prime factors of 87350?
2, 5, 1747
List the prime factors of 552.
2, 3, 23
What are the prime factors of 1098?
2, 3, 61
List the prime factors of 2660.
2, 5, 7, 19
List the prime factors of 4279.
11, 389
List the prime factors of 463.
463
List the prime factors of 621.
3, 23
List the prime factors of 1171.
1171
What are the prime factors of 1338?
2, 3, 223
List the prime factors of 5634.
2, 3, 313
List the prime factors of 146143.
59, 2477
List the prime factors of 511.
7, 73
What are the prime factors of 1489?
1489
List the prime factors of 7284.
2, 3, 607
List the prime factors of 249.
3, 83
List the prime factors of 40958.
2, 20479
What are the prime factors of 113473?
53, 2141
List the prime factors of 121583.
7, 11, 1579
What are the prime factors of 20950?
2, 5, 419
What are the prime factors of 1752?
2, 3, 73
What are the prime factors of 9838?
2, 4919
List the prime factors of 410.
2, 5, 41
List the prime factors of 118968.
2, 3, 4957
List the prime factors of 68337.
3, 2531
What are the prime factors of 2826?
2, 3, 157
List the prime factors of 1396.
2, 349
List the prime factors of 443.
443
What are the prime factors of 241?
241
What are the prime factors of 9170?
2, 5, 7, 131
What are the prime factors of 13253?
29, 457
What are the prime factors of 1207?
17, 71
What are the prime factors of 798?
2, 3, 7, 19
What are the prime factors of 8325?
3, 5, 37
List the prime factors of 1193.
1193
What are the prime factors of 5535?
3, 5, 41
What are the prime factors of 12024?
2, 3, 167
List the prime factors of 6906.
2, 3, 1151
List the prime factors of 11388.
2, 3, 13, 73
What are the prime factors of 27223?
7, 3889
What are the prime factors of 730?
2, 5, 73
What are the prime factors of 3902?
2, 1951
List the prime factors of 17235.
3, 5, 383
What are the prime factors of 481?
13, 37
What are the prime factors of 1902?
2, 3, 317
List the prime factors of 2884.
2, 7, 103
List the prime factors of 3461.
3461
List the prime factors of 5474.
2, 7, 17, 23
What are the prime factors of 30687?
3, 53, 193
What are the prime factors of 14263?
17, 839
What are the prime factors of 737?
11, 67
List the prime factors of 3666.
2, 3, 13, 47
What are the prime factors of 4452?
2, 3, 7, 53
What are the prime factors of 117?
3, 13
List the prime factors of 2081.
2081
What are the prime factors of 1187?
1187
What are the prime factors of 7612?
2, 11, 173
What are the prime factors of 101059?
7, 14437
List the prime factors of 5770.
2, 5, 577
What are the prime factors of 83216?
2, 7, 743
List the prime factors of 7902.
2, 3, 439
List the prime factors of 6168.
2, 3, 257
What are the prime factors of 12803?
7, 31, 59
List the prime factors of 331.
331
List the prime factors of 1306.
2, 653
List the prime factors of 3716.
2, 929
What are the prime factors of 1638?
2, 3, 7, 13
List the prime factors of 11838.
2, 3, 1973
What are the prime factors of 12770?
2, 5, 1277
What are the prime factors of 2003?
2003
List the prime factors of 2378.
2, 29, 41
List the prime factors of 633.
3, 211
List the prime factors of 553.
7, 79
What are the prime factors of 1368?
2, 3, 19
List the prime factors of 86368.
2, 2699
List the prime factors of 24231.
3, 41, 197
List the prime factors of 11988.
2, 3, 37
What are the prime factors of 2948?
2, 11, 67
List the prime factors of 29850.
2, 3, 5, 199
What are the prime factors of 169760?
2, 5, 1061
What are the prime factors of 5997?
3, 1999
What are the prime factors of 44983?
44983
List the prime factors of 21646.
2, 79, 137
What are the prime factors of 320?
2, 5
List the prime factors of 1942.
2, 971
List the prime factors of 2573.
31, 83
List the prime factors of 15335.
5, 3067
What are the prime factors of 2807?
7, 401
What are the prime factors of 1215?
3, 5
What are the prime factors of 3189?
3, 1063
List the prime factors of 298.
2, 149
List the prime factors of 101263.
131, 773
What are the prime factors of 60212?
2, 15053
List the prime factors of 663.
3, 13, 17
List the prime factors of 19639.
41, 479
What are the prime factors of 9919?
7, 13, 109
List the prime factors of 1422.
2, 3, 79
List the prime factors of 34806.
2, 3, 5801
List the prime factors of 2909.
2909
What are the prime factors of 25219?
25219
List the prime factors of 2829.
3, 23, 41
List the prime factors of 1038.
2, 3, 173
List the prime factors of 15981.
3, 7, 761
List the prime factors of 3343.
3343
List the prime factors of 29854.
2, 11, 23, 59
What are the prime factors of 122905?
5, 47, 523
What are the prime factors of 3275?
5, 131
List the prime factors of 305.
5, 61
List the prime factors of 639.
3, 71
What are the prime factors of 35426?
2, 17713
List the prime factors of 1056.
2, 3, 11
List the prime factors of 10541.
83, 127
List the prime factors of 8100.
2, 3, 5
List the prime factors of 1099.
7, 157
List the prime factors of 440.
2, 5, 11
What are the prime factors of 18612?
2, 3, 11, 47
List the prime factors of 949.
13, 73
What are the prime factors of 35780?
2, 5, 1789
What are the prime factors of 7143?
3, 2381
List the prime factors of 25390.
2, 5, 2539
List the prime factors of 1047.
3, 349
What are the prime factors of 696?
2, 3, 29
What are the prime factors of 16387?
7, 2341
What are the prime factors of 10375?
5, 83
What are the prime factors of 494?
2, 13, 19
List the prime factors of 1255.
5, 251
List the prime factors of 991.
991
List the prime factors of 9113.
13, 701
List the prime factors of 1818.
2, 3, 101
List the prime factors of 4429.
43, 103
List the prime factors of 3284.
2, 821
What are the prime factors of 1269?
3, 47
List the prime factors of 135577.
13, 10429
List the prime factors of 871.
13, 67
List the prime factors of 5052.
2, 3, 421
List the prime factors of 295.
5, 59
List the prime factors of 56909.
56909
What are the prime factors of 442?
2, 13, 17
What are the prime factors of 7827?
3, 2609
What are the prime factors of 44853?
3, 14951
What are the prime factors of 11745?
3, 5, 29
List the prime factors of 133.
7, 19
What are the prime factors of 1857?
3, 619
What are the prime factors of 19750?
2, 5, 79
List the prime factors of 63170.
2, 5, 6317
List the prime factors of 1277.
1277
What are the prime factors of 23205?
3, 5, 7, 13, 17
List the prime factors of 137816.
2, 7, 23, 107
List the prime factors of 1222.
2, 13, 47
What are the prime factors of 61?
61
List the prime factors of 795.
3, 5, 53
What are the prime factors of 5731?
11, 521
List the prime factors of 2223.
3, 13, 19
What are the prime factors of 33874?
2, 16937
List the prime factors of 6398.
2, 7, 457
What are the prime factors of 239?
239
What are the prime factors of 1185?
3, 5, 79
List the prime factors of 84370.
2, 5, 11, 13, 59
What are the prime factors of 46204?
2, 11551
List the prime factors of 26899.
37, 727
What are the prime factors of 689?
13, 53
What are the prime factors of 3936?
2, 3